. Let f = x - -3. Give a(f).
30
Suppose -3*s = -4*y + 8*y + 33, -2*y - 4*s - 24 = 0. Let t(l) = -l**3 - 5*l**2 + 5*l + 9. Calculate t(y).
15
Let p(d) be the first derivative of 2*d**3/3 + 2*d**2 + 4*d + 2. Let o = 547 - 551. What is p(o)?
20
Let w(h) be the first derivative of 23*h**4/2 - h**3/3 + h**2 - h + 83. What is w(1)?
46
Let z(c) be the third derivative of -c**5/30 - c**4/24 + 34*c**2. Suppose 0*p - 4*p = 96. Let h = p + 22. Give z(h).
-6
Let o = -1 + -3. Let u be 10/4 + o/(-8). Let p(i) = -13 + 18 - 10 - u*i. Calculate p(-5).
10
Suppose -57*n + 3*u = -58*n + 10, 3*u = -2*n + 5. Let i(a) = a**2 + a - 14. Determine i(n).
6
Let d(i) = 20*i - 3 - 46*i - 2*i**2 + 28*i. Determine d(2).
-7
Let w = -30 + 37. Let f(z) = w*z + 6*z - 24*z + 10*z - 2. Let k(s) = s**3 - 5*s**2 - 5. Let j be k(5). What is f(j)?
3
Let a(f) = -5*f - 4. Let x(d) = -7*d - 5. Let u(y) = 4*a(y) - 3*x(y). What is u(3)?
2
Let d(r) = -8 + 0*r**3 + 17*r + 9*r**2 - 9*r + r**3. Let t = 9 - 17. What is d(t)?
-8
Let f = 27 - 32. Let d(a) = -a**2 - 8*a - 7. Calculate d(f).
8
Let h(w) = 9*w - 37*w + 3 + 11*w + 11*w - 4. Suppose 2*f - 2*l = 0, 7*l - 9 = 4*l. Determine h(f).
-19
Let d(x) = 219 - x**2 - 114 - 100. Determine d(-3).
-4
Let y(h) = h**2 + 12*h - 8. Let t = -451 - -444. What is y(t)?
-43
Let j = -11 + 14. Suppose j*v - 2 = v. Let k(b) = v + b + 3*b - 6*b. Determine k(4).
-7
Let o(h) = h**3 + 6*h**2 - 8*h - 1. Suppose 5*p = 10, -b - 5*p + 6 = -7. Suppose 0*u - 3 = b*u. Let l be u - 4 - 2/1. Calculate o(l).
6
Suppose c + c = 10. Suppose -2*k + i - 1 = 0, 3*i + 3 = 4*k + 10. Let n(b) = 3*b - 4 + b + 2*b - k*b. What is n(c)?
16
Suppose 6*l - 81 = -3*l. Let j(u) = -u**2 + 12*u - 20. Give j(l).
7
Let o(g) = g**3 + g**2 + 2. Let q(d) = d - 1. Let x be q(5). Suppose -u - a = 3*a, x*u = 5*a. Give o(u).
2
Let j(a) = -16 + 5 + 2 + 11 + 3*a + a**2. Let i be 1*((-1 - 1) + 8). Suppose 7*t + i = 4*t. What is j(t)?
0
Let n(a) = a**2 + 0*a - 3*a + 2*a. Suppose 7*k + 24 = 11*k. Suppose -k*z = 12 - 0. Calculate n(z).
6
Let l(s) = s**3 - 7*s**2 - 8*s + 9. Let p = -289 + 297. Give l(p).
9
Let j be ((-12)/(-15))/(2/30). Let m = j - 13. Let r(f) = -10*f**3 + 5*f**2 - 7. Let c(i) = 5*i**3 - 2*i**2 + 3. Let t(v) = -7*c(v) - 3*r(v). Give t(m).
4
Let w(g) = -7*g**2 - 7*g. Let s(c) = 12*c**2 + 12*c. Let y(a) = -4*s(a) - 7*w(a). What is y(1)?
2
Let l(k) = k**2 - 4*k + 4. Suppose -38*o = -85*o + 141. Calculate l(o).
1
Let g = 34 - -26. Suppose -3*q = 9*q - g. Let s(n) = n**3 - 6*n**2 + 5*n - 3. Give s(q).
-3
Suppose 18 = 2*z + 6. Suppose 9 = 4*v - 7. Let h(m) = v*m - 1 - m + 3*m - 7*m. Determine h(z).
-7
Let d(p) be the third derivative of -p**6/120 - p**5/10 + p**4/24 + p**3 + 4*p**2. Suppose 14*g - 15*g = 6. Calculate d(g).
0
Let o(n) = 6*n + 15. Let t(x) = x + 1. Let b(f) = o(f) - 5*t(f). Let z(j) = 5*j + 12. Let r be z(-4). Give b(r).
2
Suppose -8*x = -21*x + 65. Let g(o) = -2*o. Determine g(x).
-10
Let b = 12 + -19. Let q be -5 - (4 + 4 + b). Let w be (2 - 0) + (-7 - q). Let n(g) = -3*g. Determine n(w).
-3
Let d(x) = x - 12. Let j be ((-204)/(-24))/(1/(-2)). Let a be 10/20 - j/2. Let z be 8 + 4/((-12)/a). What is d(z)?
-7
Suppose 4*c - 5 = 7. Let z(h) = 5*h - 6*h**3 + 11*h**3 + 1 + h**2 - 8*h**c - 3*h. Give z(-1).
3
Suppose -43*r + 24 = -39*r. Let y(x) be the first derivative of x**4/4 - 2*x**3 - x**2/2 + 8*x + 1. Calculate y(r).
2
Suppose 0*v + 30 = 2*v. Let r = -13 + v. Let n(z) = -3 + 1 + r*z - 2. Calculate n(5).
6
Let k(u) be the second derivative of 2*u**3/3 - 3*u**2 + u. Let f be (-2)/(((-144)/(-30))/(-12)). Give k(f).
14
Suppose -52 = 4*a - 28. Let v(r) = -r**3 - 7*r**2 - 5*r + 6. Determine v(a).
0
Suppose -2*p = -0 - 8. Let i be 52/(-6) - p/(-6). Let o = i + 13. Let r(g) = -2*g + 1. Give r(o).
-9
Let n(b) be the first derivative of -9*b - 1/2*b**2 - 22. Give n(0).
-9
Suppose 0*v - 29 = -v + 3*n, 58 = 2*v + 5*n. Let h(d) = -v*d - d**3 - 2 + 24*d - 1 + 6*d**2. Give h(5).
-3
Let x(i) = 5*i**2 - i - 1. Let p = 609 - 610. Give x(p).
5
Suppose -5*z + 5 + 5 = 0. Suppose 5*r - c + 3 = 4, -z*c - 2 = 2*r. Let o(a) = -a + 1. What is o(r)?
1
Let i(w) = w**3 - 5*w**2 + 5*w + 3. Let r = -2 + 8. Let g = 11 - r. Suppose 3*x + 4*o = g*x - 28, -9 = -x + o. Determine i(x).
7
Let g(s) = s**2 - 5*s + 4. Let x be g(4). Suppose -6*j + j + 10 = x. Let n(q) = -3*q + 0*q + 0 - 1. Calculate n(j).
-7
Suppose k + 5*v = 6 - 0, -5*k = -5*v. Suppose -r + 1 = -k. Let x be -4 + r + 1 + -4. Let a(j) = j**3 + 6*j**2 + 5*j - 4. Give a(x).
-4
Let i be (2/6 + 0)*-6. Let x(t) = 4*t**2 - 2. Let r be x(i). Suppose -4*b + 12 = -k, 5*b - r = 1. Let h(z) = z**2 - z - 5. Calculate h(k).
-5
Let x(k) = -k**2 - 9. Let b = 659 + -659. Determine x(b).
-9
Let x(w) = 188*w + 9 - 183*w + 5 - 15. Give x(-1).
-6
Let p = 5 + -8. Let r = -6 - p. Let q(g) = -10*g - 26. Let h(u) = -3*u - 8. Let w(x) = -7*h(x) + 2*q(x). Determine w(r).
1
Let b be (-11)/(-132)*6 + 30/(-4). Let n(a) be the third derivative of a**4/24 - a**3/2 - 4*a**2. Give n(b).
-10
Let v be (-66)/(-18) - 4/6. Let m(j) = 2 + 7*j + 0 + 4 + j**2 - v. Calculate m(-6).
-3
Let b(u) = 87 - 174 + 90 + 5*u. Let k = -6 + 4. Calculate b(k).
-7
Let c(s) be the second derivative of -s**5/20 + s**4/2 + 2*s**3 - 17*s**2/2 + 764*s. Calculate c(7).
18
Suppose 56*y = 45*y + 33. Let h(b) be the second derivative of 6*b - 5/2*b**2 + 0 - 1/6*b**y. What is h(-7)?
2
Let t(w) = 2*w**2 + 2*w - 1. Let x(n) = n**3 - 9*n**2 + 10*n - 3. Let h be x(7). Let p = h + 29. What is t(p)?
3
Let h = -5 + -2. Let b(o) = -5*o**3 + 11*o**2 + 6*o + 1. Let i(u) = 12*u**3 - 23*u**2 - 12*u - 2. Let j(q) = -7*b(q) - 3*i(q). What is j(h)?
-8
Suppose 4*t - 6 = t. Let j(f) = -2*f - 7 + 1 + t. Suppose 3*z + 1 = d, -2*z + 10 = 5*d - 3*d. Calculate j(d).
-12
Let s(z) = -5*z - 3. Suppose -2*d - 4 + 5 = a, 20 = 5*d - a. Let b(t) = 2*t + 2. Let k(m) = d*s(m) + 7*b(m). Calculate k(3).
2
Let i(u) be the third derivative of -2*u**2 - 1/3*u**3 + 1/120*u**6 + 0*u + 1/20*u**5 - 1/8*u**4 + 0. Let h be -1*(0 + -3 + 7). What is i(h)?
-6
Let y be (-33)/77 + (-36)/14. Let c(s) be the second derivative of s**5/30 + s**4/6 - 5*s**3/3 + 5*s. Let p(z) be the second derivative of c(z). Calculate p(y).
-8
Let z be 3*((-3)/6 + 49/42). Let c(r) = -3*r**3 + 4*r**2 - 3*r + 1. What is c(z)?
-13
Let u(b) = 0*b + 3*b - 3078 + 3076 - b. Calculate u(-1).
-4
Let p(t) = 11*t - 3. Let k(w) = 5*w - 1. Let s(q) = -13*k(q) + 6*p(q). Let m be 1*0*(4 - 5). Calculate s(m).
-5
Let a(i) = 164 + 0*i**3 + i**3 - 163 + 2*i**2. Determine a(-3).
-8
Let p be ((-10)/14)/(2/(-14)). Let n(h) = 3*h**2 - 23*h - 18. Let b(d) = 5*d**2 - 35*d - 27. Let v(r) = p*b(r) - 8*n(r). Determine v(-6).
-9
Let q = -17 - -3. Let v be (-3 + q/(-6))*36. Let k be (1/2)/((-6)/v). Let c(i) = -i**3 + i**2 + 2*i. Determine c(k).
0
Let b(r) = r**3 + 6*r**2 + r + 2. Let a(z) = z**2 + 13*z + 28. Let x be a(-12). Let t(i) = i - 22. Let l be t(x). Determine b(l).
-4
Let k(w) be the third derivative of 0 - 5/24*w**4 - 1/6*w**3 + 5*w**2 + 0*w. Let a = -11 - -13. Determine k(a).
-11
Let z(n) be the second derivative of -3*n**6/40 + n**4/24 - 5*n**2 + 4*n. Let j(i) be the first derivative of z(i). Determine j(1).
-8
Suppose 77*j - 80*j = 21. Let t = 9 + -6. Let z(v) = 0*v**2 + 6 + 2*v**2 - 3*v - t*v**2 - 2*v. Determine z(j).
-8
Let u = -28 + 28. Let n(s) be the first derivative of s**4/4 - 20*s + 58. What is n(u)?
-20
Let h(i) = i**2 + 13*i + 30. Let v be h(-11). Suppose 0 = t + 2*p + 4, 3*p = -2*t + v*p + 10. Let r(u) = u**2 - u - 8. Determine r(t).
-8
Let k(z) be the second derivative of -z**4/8 + z**3/6 - 13*z**2/2 + 15*z. Let f(s) be the first derivative of k(s). What is f(-1)?
4
Let p(a) = 2*a**2 + 6*a. Let c = 4 - 25. Let v be -2*1 + (c - -19). Calculate p(v).
8
Let k(p) = -58 - 61 + 85 - 3*p. Determine k(-17).
17
Let n(j) = j**3 - j + 1. Let k = 4 + -6. Let t be n(k). Let p(d) be the third derivative of -d**6/120 - d**5/10 - 5*d**4/24 - 5*d**3/6 + 144*d**2. Give p(t).
-5
Let o(j) = -j**3 + 17*j**2 - j + 18. Let g be o(17). Let r(t) = -g + 0*t**2 + 7*t - 9*t + t**2. Let v be 30/9 + 2/(-6). Calculate r(v).
2
Let o(p) be the third derivative of p**4/24 - 2*p**3/3 + 98*p**2. Determine o(0).
-4
Let y = 13 + -12. Let z(a) be the second derivative of -a**6/30 - 3*a**2 + 6*a. Let g(l) be the first derivative 